 the units digit of 477470?
0
What is the thousands digit of 87112?
7
What is the hundred thousands digit of 4003646?
0
What is the thousands digit of 247062?
7
What is the hundred thousands digit of 1957136?
9
What is the hundreds digit of 999604?
6
What is the tens digit of 6410255?
5
What is the units digit of 31529860?
0
What is the hundreds digit of 147257?
2
What is the units digit of 1007523?
3
What is the ten millions digit of 28490393?
2
What is the units digit of 8864358?
8
What is the hundred thousands digit of 4583817?
5
What is the ten thousands digit of 3055406?
5
What is the thousands digit of 23706439?
6
What is the thousands digit of 3205430?
5
What is the units digit of 380732?
2
What is the units digit of 5901659?
9
What is the ten thousands digit of 26635091?
3
What is the tens digit of 13505198?
9
What is the hundreds digit of 219120?
1
What is the ten thousands digit of 672536?
7
What is the hundreds digit of 1237231?
2
What is the ten millions digit of 13943589?
1
What is the hundred thousands digit of 571729?
5
What is the tens digit of 15560460?
6
What is the hundreds digit of 4486158?
1
What is the hundred thousands digit of 112414?
1
What is the hundreds digit of 186052?
0
What is the hundreds digit of 192296?
2
What is the thousands digit of 4659827?
9
What is the thousands digit of 10058854?
8
What is the units digit of 2150177?
7
What is the units digit of 757526?
6
What is the hundreds digit of 2396079?
0
What is the hundreds digit of 502644?
6
What is the hundreds digit of 237414?
4
What is the ten thousands digit of 491847?
9
What is the hundreds digit of 5838691?
6
What is the thousands digit of 810887?
0
What is the hundreds digit of 160446?
4
What is the millions digit of 2176798?
2
What is the ten thousands digit of 4399175?
9
What is the hundred thousands digit of 182166?
1
What is the millions digit of 3527910?
3
What is the tens digit of 4992092?
9
What is the ten thousands digit of 414076?
1
What is the hundred thousands digit of 5869748?
8
What is the thousands digit of 3206?
3
What is the thousands digit of 2570994?
0
What is the hundred thousands digit of 893331?
8
What is the hundred thousands digit of 5218772?
2
What is the units digit of 6339749?
9
What is the ten thousands digit of 7181473?
8
What is the thousands digit of 707408?
7
What is the ten millions digit of 28491207?
2
What is the hundred thousands digit of 766594?
7
What is the hundreds digit of 722210?
2
What is the hundreds digit of 118231?
2
What is the hundred thousands digit of 8277502?
2
What is the ten millions digit of 38038775?
3
What is the thousands digit of 299580?
9
What is the ten thousands digit of 8642731?
4
What is the hundred thousands digit of 851662?
8
What is the thousands digit of 270350?
0
What is the units digit of 524710?
0
What is the ten thousands digit of 696409?
9
What is the units digit of 969689?
9
What is the thousands digit of 737989?
7
What is the millions digit of 1843696?
1
What is the thousands digit of 213185?
3
What is the ten thousands digit of 148699?
4
What is the ten thousands digit of 276714?
7
What is the thousands digit of 384642?
4
What is the tens digit of 178941?
4
What is the hundreds digit of 261951?
9
What is the tens digit of 7987?
8
What is the thousands digit of 418708?
8
What is the hundreds digit of 59474?
4
What is the ten thousands digit of 2253065?
5
What is the tens digit of 77664?
6
What is the units digit of 3519719?
9
What is the tens digit of 78055?
5
What is the tens digit of 852924?
2
What is the ten millions digit of 15521752?
1
What is the tens digit of 328005?
0
What is the units digit of 17168623?
3
What is the hundreds digit of 369861?
8
What is the millions digit of 1155719?
1
What is the ten thousands digit of 292039?
9
What is the ten millions digit of 15061653?
1
What is the hundreds digit of 288818?
8
What is the tens digit of 12512203?
0
What is the ten thousands digit of 6207230?
0
What is the hundred thousands digit of 2019572?
0
What is the hundreds digit of 1167920?
9
What is the hundreds digit of 64957?
9
What is the tens digit of 2250389?
8
What is the millions digit of 4244822?
4
What is the thousands digit of 3637510?
7
What is the units digit of 914001?
1
What is the tens digit of 177773?
7
What is the hundred thousands digit of 1776718?
7
What is the hundred thousands digit of 3401127?
4
What is the units digit of 8648564?
4
What is the thousands digit of 9017171?
7
What is the hundreds digit of 317891?
8
What is the ten thousands digit of 1204633?
0
What is the ten thousands digit of 6717425?
1
What is the millions digit of 37547255?
7
What is the hundreds digit of 92564?
5
What is the ten thousands digit of 3562542?
6
What is the thousands digit of 7994362?
4
What is the ten thousands digit of 406466?
0
What is the hundreds digit of 1125489?
4
What is the millions digit of 3464604?
3
What is the tens digit of 319390?
9
What is the hundreds digit of 9323301?
3
What is the ten thousands digit of 2002121?
0
What is the hundreds digit of 10267008?
0
What is the units digit of 423312?
2
What is the ten thousands digit of 9938363?
3
What is the tens digit of 16450563?
6
What is the tens digit of 835225?
2
What is the tens digit of 698427?
2
What is the thousands digit of 1554982?
4
What is the thousands digit of 11730812?
0
What is the hundred thousands digit of 178137?
1
What is the tens digit of 334152?
5
What is the hundred thousands digit of 941280?
9
What is the units digit of 16162819?
9
What is the units digit of 299072?
2
What is the tens digit of 642282?
8
What is the thousands digit of 8700?
8
What is the hundreds digit of 738899?
8
What is the units digit of 3275044?
4
What is the ten thousands digit of 590269?
9
What is the tens digit of 1773562?
6
What is the units digit of 100669?
9
What is the thousands digit of 1487373?
7
What is the thousands digit of 659056?
9
What is the units digit of 7472327?
7
What is the hundreds digit of 90778?
7
What is the units digit of 354604?
4
What is the tens digit of 1896576?
7
What is the ten thousands digit of 14858008?
5
What is the tens digit of 557174?
7
What is the tens digit of 4564553?
5
What is the units digit of 6036827?
7
What is the ten thousands digit of 2360475?
6
What is the units digit of 696566?
6
What is the hundred thousands digit of 1591108?
5
What is the tens digit of 13596942?
4
What is the tens digit of 449934?
3
What is the ten thousands digit of 128034?
2
What is the hundreds digit of 25890?
8
What is the tens digit of 439386?
8
What is the thousands digit of 917874?
7
What is the units digit of 272273?
3
What is the units digit of 555981?
1
What is the millions digit of 7303909?
7
What is the units digit of 164439?
9
What is the millions digit of 12259585?
2
What is the tens digit of 245904?
0
What is the units digit of 1724360?
0
What is the millions digit of 1545423?
1
What is the millions digit of 1313393?
1
What is the thousands digit of 23052713?
2
What is the units digit of 12490495?
5
What is the units digit of 8379?
9
What is the hundreds digit of 948291?
2
What is the hundreds digit of 3108689?
6
What is the tens digit of 51238?
3
What is the millions digit of 16019606?
6
What is the ten millions digit of 28911796?
2
What is the hundreds digit of 18170861?
8
What is the ten thousands digit of 23989264?
8
What is the tens digit of 193897?
9
What is the hundred thousands digit of 7225613?
2
What is the hundred thousands digit of 231233?
2
What is the hundreds digit of 552953?
9
What is the hundred thousands digit of 466599?
4
What is the ten thousands digit of 1722350?
2
What is the thousands digit of 9626043?
6
What is the tens digit of 82096?
9
What is the ten thousands digit of 3679111?
7
What is the ten thousands digit of 226418?
2
What is the tens digit of 1457537?
3
What is the ten millions digit of 31714979?
3
What is the tens digit of 6503426?
2
What is the units digit of 38799?
9
What is the tens digit of 394131?
3
What is the ten millions digit of 13530906?
1
What is the ten thousands digit of 43845?
4
What is the thousands digit of 3687522?
7
What is the ten thousands digit of 1451795?
5
What is the ten thousands digit of 143155?
4
What is the hundreds digit